se 5) in base 15?
-2
122 (base 10) to base 3
11112
Convert -254 (base 7) to base 5.
-1022
1112 (base 4) to base 14
62
What is 0 (base 10) in base 8?
0
Convert 10 (base 5) to base 8.
5
Convert -114 (base 11) to base 7.
-253
Convert -72 (base 8) to base 3.
-2011
3a (base 15) to base 10
55
-36 (base 7) to base 8
-33
Convert -100 (base 7) to base 4.
-301
-17 (base 10) to base 5
-32
What is 40 (base 9) in base 13?
2a
Convert -432 (base 5) to base 11.
-a7
What is 15 (base 10) in base 11?
14
What is -25 (base 6) in base 7?
-23
What is 0 (base 5) in base 14?
0
What is 2 (base 3) in base 6?
2
What is 2 (base 7) in base 3?
2
What is 4 (base 5) in base 11?
4
What is -1 (base 14) in base 16?
-1
111010 (base 2) to base 3
2011
What is 3 (base 11) in base 16?
3
1 (base 14) to base 6
1
-2 (base 11) to base 13
-2
What is -2 (base 8) in base 15?
-2
What is -1b (base 16) in base 11?
-25
-10 (base 3) to base 12
-3
What is -28 (base 10) in base 15?
-1d
Convert -323 (base 4) to base 3.
-2012
-110 (base 2) to base 4
-12
What is -130 (base 5) in base 2?
-101000
What is 6 (base 11) in base 2?
110
What is 5 (base 14) in base 4?
11
Convert 30 (base 4) to base 9.
13
Convert -11 (base 9) to base 14.
-a
Convert -22 (base 3) to base 12.
-8
What is 10 (base 5) in base 9?
5
What is 10122 (base 4) in base 6?
1150
Convert -3 (base 6) to base 7.
-3
What is -120 (base 9) in base 10?
-99
What is -3 (base 10) in base 11?
-3
What is -8f (base 16) in base 5?
-1033
What is -4 (base 11) in base 7?
-4
Convert -4 (base 10) to base 11.
-4
Convert -48 (base 13) to base 6.
-140
-13 (base 8) to base 7
-14
Convert -3 (base 5) to base 11.
-3
What is 62 (base 7) in base 11?
40
Convert 1 (base 2) to base 7.
1
-4e (base 16) to base 15
-53
-2002 (base 3) to base 12
-48
Convert 10 (base 9) to base 14.
9
What is -62 (base 7) in base 4?
-230
11111 (base 2) to base 12
27
Convert 3 (base 6) to base 3.
10
What is 3 (base 10) in base 8?
3
-74 (base 10) to base 16
-4a
Convert -3 (base 14) to base 2.
-11
What is 1 (base 15) in base 6?
1
What is -4 (base 14) in base 7?
-4
6 (base 11) to base 14
6
Convert 79 (base 12) to base 8.
135
Convert -110 (base 2) to base 16.
-6
What is -a6 (base 11) in base 3?
-11022
Convert c8 (base 16) to base 12.
148
-2 (base 7) to base 15
-2
4 (base 6) to base 11
4
What is -12 (base 4) in base 8?
-6
32 (base 5) to base 14
13
Convert 3 (base 4) to base 13.
3
25 (base 16) to base 3
1101
What is -67 (base 8) in base 4?
-313
What is -7 (base 12) in base 3?
-21
What is -60 (base 8) in base 9?
-53
Convert -57 (base 8) to base 13.
-38
-1 (base 14) to base 11
-1
Convert 325 (base 6) to base 13.
98
-237 (base 9) to base 5
-1241
Convert 86 (base 11) to base 7.
163
7 (base 15) to base 14
7
Convert -1c (base 14) to base 11.
-24
What is -21 (base 5) in base 10?
-11
Convert 79 (base 10) to base 12.
67
What is 55 (base 12) in base 6?
145
-1 (base 2) to base 4
-1
What is 116 (base 9) in base 3?
10120
What is 6 (base 11) in base 6?
10
Convert 20 (base 8) to base 11.
15
Convert 2 (base 4) to base 6.
2
43 (base 11) to base 6
115
What is -157 (base 12) in base 9?
-254
Convert 2 (base 15) to base 16.
2
What is -2 (base 15) in base 2?
-10
What is -2 (base 15) in base 3?
-2
What is -3 (base 14) in base 4?
-3
Convert -10 (base 6) to base 13.
-6
What is 11 (base 5) in base 9?
6
222 (base 4) to base 8
52
What is 3 (base 10) in base 12?
3
51 (base 13) to base 15
46
-102 (base 3) to base 6
-15
Convert 0 (base 5) to base 10.
0
172 (base 11) to base 4
3020
What is 413 (base 5) in base 7?
213
Convert 1c (base 16) to base 13.
22
Convert 10e (base 16) to base 9.
330
What is 67 (base 16) in base 8?
147
Convert 24 (base 5) to base 15.
e
-5 (base 8) to base 15
-5
3 (base 4) to base 12
3
Convert -1 (base 11) to base 12.
-1
Convert 41 (base 6) to base 7.
34
1 (base 14) to base 11
1
Convert -1012 (base 3) to base 16.
-20
-7 (base 15) to base 8
-7
What is -20 (base 5) in base 7?
-13
What is -40 (base 16) in base 12?
-54
-1 (base 4) to base 8
-1
354 (base 8) to base 6
1032
What is -27 (base 11) in base 16?
-1d
What is -101010 (base 2) in base 13?
-33
Convert 0 (base 8) to base 9.
0
What is -1100001 (base 2) in base 12?
-81
Convert -1 (base 11) to base 14.
-1
Convert -2 (base 11) to base 10.
-2
Convert -40 (base 16) to base 8.
-100
2 (base 12) to base 13
2
Convert -5c (base 14) to base 6.
-214
-8 (base 16) to base 8
-10
-334 (base 6) to base 13
-a0
Convert -335 (base 7) to base 15.
-b8
Convert 1 (base 7) to base 12.
1
Convert -4 (base 16) to base 7.
-4
-1 (base 5) to base 6
-1
21 (base 12) to base 13
1c
Convert 20 (base 5) to base 10.
10
Convert 3 (base 6) to base 14.
3
What is -11 (base 6) in base 9?
-7
What is -3 (base 6) in base 9?
-3
What is -1 (base 8) in base 9?
-1
What is 421 (base 6) in base 7?
313
Convert -c2 (base 13) to base 4.
-2132
What is -1 (base 5) in base 8?
-1
3 (base 9) to base 12
3
What is 11 (base 4) in base 12?
5
10101 (base 2) to base 9
23
What is 4 (base 13) in base 14?
4
-11 (base 11) to base 12
-10
1 (base 6) to base 9
1
Convert 1 (base 11) to base 8.
1
Convert -6 (base 10) to base 4.
-12
What is 1 (base 3) in base 14?
1
What is -3 (base 4) in base 13?
-3
Convert -10 (base 9) to base 7.
-12
Convert -11 (base 3) to base 15.
-4
Convert 107 (base 10) to base 5.
412
1 (base 3) to base 7
1
30 (base 11) to base 6
53
Convert 221 (base 10) to base 8.
335
What is 1 (base 13) in base 3?
1
What is 3f (base 16) in base 3?
2100
-15 (base 15) to base 14
-16
Convert -6 (base 12) to base 5.
-11
-2 (base 14) to base 9
-2
Convert 4 (base 6) to base 8.
4
What is -611 (base 8) in base 12?
-289
What is -21 (base 5) in base 16?
-b
Convert 41 (base 15) to base 10.
61
What is -66 (base 8) in base 6?
-130
What is -3 (base 7) in base 8?
-3
Convert 0 (base 11) to base 14.
0
What is -4 (base 6) in base 11?
-4
Convert -21 (base 15) to base 9.
-34
10 (base 6) to base 12
6
-1a (base 13) to base 8
-27
What is b (base 15) in base 13?
b
-1 (base 4) to base 14
-1
What is -189 (base 10) in base 13?
-117
Convert -b (base 13) to base 4.
-23
What is 4 (base 11) in base 9?
4
Convert 1011 (base 2) to base 13.
b
6 (base 13) to base 6
10
0 (base 4) to base 8
0
What is -21 (base 12) in base 2?
-11001
Convert 0 (base 15) to base 9.
0
Convert 1011 (base 4) to base 10.
69
What is -15 (base 10) in base 6?
-23
What is 8 (base 14) in base 3?
22
Convert -11 (base 5) to base 10.
-6
Convert -6 (base 11) to base 14.
-6
-c (base 14) to base 11
-11
119 (base 11) to base 5
1031
2 (base 5) to base 14
2
What is 3231 (base 4) in base 9?
283
What is 19 (base 16) in base 6?
41
3 (base 13) to base 12
3
Convert -23 (base 7) to base 6.
-25
-1 (base 3) to base 12
-1
What is -3 (base 4) in base 16?
-3
What is -54 (base 8) in base 9?
-48
141 (base 13) to base 16
de
Convert 2 (base 6) to base 2.
10
What is -12 (base 12) in base 5?
-24
Convert -4 (base 13) to base 11.
-4
Convert 223 (base 8) to base 9.
173
-2410 (base 5) to base 6
-1351
What is -221 (base 3) in base 6?
-41
3 (base 8) to base 9
3
-110 (base 2) to base 7
-6
What is -b0 (base 12) in base 14?
-96
10001 (base 2) to base 4
101
-4 (base 16) to base 14
-4
Convert -2 (base 4) to base 16.
-2
What is -20 (base 5) in base 8?
-12
Convert 20 (base 11) to base 8.
26
Convert -1 (base 12) to base 13.
-1
4 (base 12) to base 6
4
1 (base 16) to base 13
1
What is 68 (base 14) in base 7?
161
What is 5 (base 9) in base 13?
5
What is 3 (base 11) in base 2?
11
5 (base 11) to base 2
101
What is 2 (base 10) in base 4?
2
What is 3 (base 16) in base 14?
3
What is 5 (base 13) in base 5?
10
3 (base 15) to base 4
3
-3 (base 12) to base 15
-3
2e (base 15) to base 2
101100
Convert -10101 (base 3) to base 8.
-133
What is 3 (base 9) in base 10?
3
-5 (base 16) to base 13
-5
Convert -173 (base 10) to base 11.
-148
What is 51 (base 14) in base 13?
56
What is -79 (base 13) in base 5?
-400
What is 1 (base 14) in base 2?
1
What is -4 (base 10) in base 11?
-4
1110011 (base 2) to base 11
a5
236 (base 7) to base 14
8d
10101 (base 3) to base 5
331
54 (base 6) to base 7
46
What is -26 (base 8) in base 9?
-24
-11 (base 3) to base 4
-10
-1 (base 10) to base 6
-1
-1000110 (base 2) to base 11
-64
Convert -10010 (base 2) to base 8.
-22
What is 2 (base 5) in base 7?
2
What is -11 (base 5) in base 2?
-110
Convert -6 (base 9) to base 15.
-6
Conve